et t(v) = -30*v + 169. Let d be t(6). What is the units digit of c(d)?
7
Suppose 100*r + 450190 = 2062390. What is the units digit of r?
2
What is the thousands digit of (-7 + 656 - 4)*(-119)/(-3 + -4)?
0
Suppose 6 = d - b, 0*d - 28 = -4*d + 5*b. Let v be (6 - 4)*2 - -1. Suppose v*f - d*x - 413 = 0, 3*f + 6*x = x + 254. What is the tens digit of f?
8
Let z(h) = 2*h**2 + 20*h**2 - 3*h - 3*h**2 - 8 - h. What is the units digit of z(4)?
0
Let x = 2703 - 929. What is the thousands digit of x?
1
Let u(a) = -a**2 + 21*a - 26. Let v be u(19). Suppose -4*j + 5164 = 4*x, 11*x - 2*j + 1295 = v*x. What is the hundreds digit of x?
2
Let b(d) = -d**2 + 10*d - 12. Let p be b(7). Suppose -a + 3*y - 1 = p, -2*y = a. What is the units digit of a/4 - -4 - -22?
5
Suppose 8*l - 9408 = l. Suppose -1724 = -4*x + l. What is the hundreds digit of x?
7
Let t = -144 + 220. Suppose -68*b = -t*b + 8464. What is the units digit of b?
8
Let m be (-8)/(-1) - (67 + -53). What is the units digit of 5*5105/50 + m/4?
9
Let d be (1/2)/((-21)/84). Let k be (d/6)/((-9)/(-162)*6). What is the units digit of 56 - k*(8 + -4)?
0
Let r be 2018/(-2 - (-5 - (-25)/10)). Let a = r + -2383. What is the thousands digit of a?
1
Let j = 17559 + -165. What is the thousands digit of j?
7
Suppose -51*u - 376 = -55*u. Let c = u - -450. What is the tens digit of c?
4
Suppose -9*y = -5749 - 2936. What is the tens digit of y/4 - (-17)/(-68)?
4
Let u(r) = -4766*r + 4365. What is the units digit of u(-7)?
7
Suppose -367184 = -19*r - 87*r. What is the units digit of r?
4
Let b(r) = 18*r**2 - 141*r - 912. What is the tens digit of b(-24)?
4
Suppose 0 = 4*i + 3*s - 32779, -27981 = -4*i - 2*s + 4801. What is the hundreds digit of i?
1
Suppose 2*j + 10709 = 3*p - 7916, -31043 = -5*p + 3*j. What is the thousands digit of p?
6
Suppose -11*h = 4*h - h. Suppose -2*m = 5*v - 7*m - 25, h = -4*m - 16. What is the tens digit of (v - -215)*(-5 - -6)?
1
Suppose 5*f + b + 2 - 3 = 0, 0 = 2*b - 2. Let a(c) = -c**2 + 239. Let m be a(f). Suppose 104 = 2*l - 4*y, -5*l + 7*y - 4*y = -m. What is the tens digit of l?
4
Let g = 159 + 3. Suppose -2*d + 657 = 4*r + 3*d, -r - 2*d = -g. Suppose -4*x = 44 - r. What is the tens digit of x?
3
What is the ten thousands digit of (9/15)/(-6*(-3)/339930)?
1
Suppose -2*a + 1532 = 2*s, 17*a - 18*a + 5*s = -766. What is the tens digit of a?
6
Let m = -34 - -40. Let c be (m/5)/(10/25). What is the tens digit of (19 - 1)*5 - c?
8
Suppose -256*m + 2810870 = -50*m. What is the hundreds digit of m?
6
Let n be 1 - ((-7)/((-7)/4) - -6). Let q = n + 296. What is the units digit of q?
7
Let f(v) be the first derivative of v**5/30 - v**4/8 - 19*v**3/6 + 13*v**2/2 + 5. Let g(j) be the second derivative of f(j). What is the units digit of g(5)?
6
Suppose 24547 = 28*l - 502510 + 41257. What is the units digit of l?
0
Let z(m) = m**3 + 5*m**2 + 2*m - 23. Let j(q) = -7*q**3 + 3*q**2 - 2. Let o be j(-1). What is the units digit of z(o)?
5
Let m(z) = 7*z**2 + 8*z - 2*z**2 - 5*z - 42 + 0*z + z**2. What is the hundreds digit of m(12)?
8
Suppose 5*q = q - 180. Let a = q + 75. What is the tens digit of (-33)/((a/(-16))/5)?
8
Let l = -4208 - -6209. What is the tens digit of l?
0
Let q = 1324 + 9617. What is the units digit of q?
1
What is the tens digit of (95 + -1190)*22/(-3)?
3
Let h be (-3)/(3 - (-1818)/(-603)). Suppose -3*u + 22 - 13 = 0, 3*r + u - h = 0. What is the tens digit of r?
6
Let y(l) = 7*l + 39. Let t be y(-5). Let o(b) = 58*b + 78. What is the units digit of o(t)?
0
Suppose 7*u = -173 - 485. Let i be (0 - 0)*(-3)/6. Let c = i - u. What is the tens digit of c?
9
Let a = -404 - -400. Let j(r) = 28*r**2 - 11*r - 35. What is the tens digit of j(a)?
5
Suppose 2*d + x = 8, 3*x - 16 = -2*d - 2*x. Suppose 15*v - 3128 = -4*b + 13*v, -d*b + 2348 = 2*v. What is the hundreds digit of b?
7
Let q = 15536 + 4567. What is the tens digit of q?
0
Suppose 5*q - 140 - 595 = 0. Suppose 0 = -2*b - j + q, b - 6*b - 5*j = -375. Let m = b + -11. What is the units digit of m?
1
Let p = 7874 - -15374. What is the ten thousands digit of p?
2
Suppose p + 72528 = 4*p + 5*k, 0 = -13*k + 10*k. What is the ten thousands digit of p?
2
Suppose -13*u = -0*u + 78. Let l(p) = -2*p**3 + 2*p**2 + 6*p - 15. Let w be l(u). Let k = w + -274. What is the tens digit of k?
7
Let g = 487 - 62. Suppose 9*t - g = 1861. What is the hundreds digit of t?
2
Let k = 7866 - 5584. What is the tens digit of (k/49)/(2/14)?
2
Let d(i) be the second derivative of i**5/10 - i**4/3 + i**3/3 + i**2/2 + 2*i. Let g be d(2). Suppose g*k = 9*k - 408. What is the hundreds digit of k?
1
Let y(z) = -z**3 + 6*z - 4. Let w be y(-3). Suppose u + 2*t = 344, -w*t = -5*u + 435 + 1345. What is the units digit of u?
2
Let a(w) = -2*w**2 - 63*w - 36. Suppose 0 = 5*o - p + 101, 22 = -5*p + 2. What is the units digit of a(o)?
5
Let m(y) = 341*y**2 - 118*y + 678. What is the tens digit of m(6)?
4
Let r(i) = -i**2 - 243*i - 426. What is the hundreds digit of r(-53)?
6
Let i(b) be the third derivative of b**6/120 - 9*b**5/20 + 53*b**4/24 - 13*b**3/3 - 29*b**2. What is the thousands digit of i(27)?
1
Let d(n) be the first derivative of -22*n**2 + 356*n - 37. What is the units digit of d(-27)?
4
Let a(m) = -183*m**2 - 22*m - 90. Let u be a(-4). Let l = u + 4441. What is the hundreds digit of l?
5
Let w(n) = -450*n + 846. What is the tens digit of w(-7)?
9
Let x = -22385 - -33923. What is the units digit of x?
8
Let w(t) = 3*t**2 - 33*t - 325. What is the units digit of w(33)?
3
Let n(u) = 12*u**2 - 69*u + 35. What is the hundreds digit of n(-12)?
5
Let t(r) = 8*r - 18. Suppose 0 = 4*j + 3 - 11. Suppose 4*z = 2*g + 34, j*g - 65 = -6*z + z. What is the tens digit of t(z)?
7
Let q = 13 + 23. Let h = 2 + 42. Let w = h - q. What is the units digit of w?
8
Let w(z) = 2*z**2 - 3*z + 9. Let n be ((-2)/4)/1*-86. Let i = 37 - n. What is the units digit of w(i)?
9
Let o be (-4 - 2)/((-3)/(-2)) - -8. Suppose -4*k = 4, 382 - 2801 = -3*l + o*k. What is the hundreds digit of l?
8
Suppose 2*n = 2*c - 41664, -46645 = -4*c + 3*n + 36677. What is the ten thousands digit of c?
2
Let r(v) = 19*v**2 + 3*v + 2. Suppose -4 = -4*o, 4 = -4*w + w + o. What is the tens digit of r(w)?
1
Let r = 30066 + -18951. What is the ten thousands digit of r?
1
Suppose 0 = -4*t + 132*v - 129*v + 93672, -5*v = 20. What is the thousands digit of t?
3
Let d be (-539789)/(-427) - 1/7. Suppose -2*g = 4*y - 1272, 14*g - d = -4*y + 10*g. What is the units digit of y?
0
Let o(k) = 645*k - 339. What is the tens digit of o(4)?
4
Suppose -568176 = -763*w + 744*w. What is the tens digit of w?
0
Let x = -199 - -492. What is the hundreds digit of x?
2
Let a = 184 + -178. What is the units digit of (-265)/(-6) + a/(-180)*5?
4
Suppose 0*a = -a - 2*f - 24, -3*f = 4*a + 86. Let d be -3*(-4 - a/3). Let z(b) = -b**3 - 6*b**2 + 6*b - 3. What is the units digit of z(d)?
7
Suppose -1592 = -2*w - 4*z, -4*z = 4*w - 2515 - 685. Suppose 3*s - 1227 = -3*b, 0 = 2*s - 6*b + b - w. What is the units digit of s?
7
Suppose -4*m + 3*l + 22842 = 0, -7*l = -5*m - 2*l + 28555. What is the units digit of m?
9
What is the units digit of (10/15 - -22)*(129 - (0 - 0))?
4
Suppose 3347857 = 490*q - 327*q. What is the tens digit of q?
3
What is the units digit of 26/(-6) - 3632320/(-120)?
5
Let t(b) = 204*b + 1153. What is the hundreds digit of t(45)?
3
Let r = -3146 + 2151. Let x = 45 - r. What is the hundreds digit of x?
0
Suppose 0 = -6*s + 62 - 2. Suppose 5*z - 5130 = -s*z. What is the units digit of z?
2
Let v be (-57)/(-27) + 2/(-18). Suppose 0 = 3*c - v*c + 3, 2*y + 5*c = 1013. What is the hundreds digit of y?
5
Let q(z) = 46*z**2 - 25*z + 19. Let p(y) = -9*y**2 + 5*y - 4. Let r(n) = -11*p(n) - 2*q(n). Let i be r(2). What is the units digit of ((-800)/i)/(4/(-6))?
0
Let i(n) = 167*n**2 - n - 12. Let j be i(-5). Suppose -4*s + 4156 = 10*d - 8*d, -d = -4*s + j. What is the hundreds digit of s?
0
Suppose -56 = c - 33. Let x(m) = -2*m**3 - 45*m**2 + 9*m + 22. What is the hundreds digit of x(c)?
3
Suppose -4*q + 22*p - 17*p + 52 = 0, 0 = 5*q - 2*p - 48. What is the tens digit of q/(4130/515 + -4 + -4)?
1
Let d(t) = -63*t**2 + 2*t - 9. Let z be d(2). Let s = -65 - z. What is the units digit of s?
2
Let h(r) = -r**2 - 22*r. Let i = -314 - -299. What is the te